are the prime factors of 25235?
5, 7, 103
What are the prime factors of 24923?
24923
What are the prime factors of 24684?
2, 3, 11, 17
What are the prime factors of 8279?
17, 487
List the prime factors of 574.
2, 7, 41
List the prime factors of 20984.
2, 43, 61
What are the prime factors of 3505?
5, 701
What are the prime factors of 1986?
2, 3, 331
What are the prime factors of 882?
2, 3, 7
List the prime factors of 10490.
2, 5, 1049
What are the prime factors of 3501?
3, 389
List the prime factors of 4060.
2, 5, 7, 29
What are the prime factors of 271?
271
List the prime factors of 14354.
2, 7177
What are the prime factors of 2849?
7, 11, 37
What are the prime factors of 13146?
2, 3, 7, 313
What are the prime factors of 56099?
56099
What are the prime factors of 1951?
1951
List the prime factors of 93468.
2, 3, 7789
What are the prime factors of 38786?
2, 11, 41, 43
List the prime factors of 24880.
2, 5, 311
What are the prime factors of 987?
3, 7, 47
List the prime factors of 1279.
1279
What are the prime factors of 1880?
2, 5, 47
What are the prime factors of 1712?
2, 107
List the prime factors of 5758.
2, 2879
What are the prime factors of 13769?
7, 281
List the prime factors of 22110.
2, 3, 5, 11, 67
What are the prime factors of 4730?
2, 5, 11, 43
List the prime factors of 847.
7, 11
List the prime factors of 24207.
3, 8069
What are the prime factors of 49?
7
List the prime factors of 1835.
5, 367
What are the prime factors of 11?
11
What are the prime factors of 1127?
7, 23
What are the prime factors of 1282?
2, 641
What are the prime factors of 13316?
2, 3329
List the prime factors of 10581.
3, 3527
What are the prime factors of 2962?
2, 1481
What are the prime factors of 45611?
17, 2683
List the prime factors of 7060.
2, 5, 353
List the prime factors of 34653.
3, 11551
What are the prime factors of 13853?
7, 1979
What are the prime factors of 435?
3, 5, 29
List the prime factors of 92487.
3, 30829
List the prime factors of 320.
2, 5
List the prime factors of 10861.
10861
List the prime factors of 1814.
2, 907
List the prime factors of 41.
41
List the prime factors of 18491.
11, 41
What are the prime factors of 1618?
2, 809
List the prime factors of 29628.
2, 3, 823
What are the prime factors of 20855?
5, 43, 97
What are the prime factors of 1748?
2, 19, 23
List the prime factors of 45046.
2, 101, 223
List the prime factors of 604.
2, 151
What are the prime factors of 917?
7, 131
List the prime factors of 999.
3, 37
List the prime factors of 8443.
8443
What are the prime factors of 39754?
2, 11, 13, 139
What are the prime factors of 5186?
2, 2593
List the prime factors of 2509.
13, 193
What are the prime factors of 4852?
2, 1213
List the prime factors of 1137.
3, 379
List the prime factors of 36864.
2, 3
List the prime factors of 48386.
2, 13, 1861
List the prime factors of 10576.
2, 661
What are the prime factors of 319?
11, 29
What are the prime factors of 1887?
3, 17, 37
List the prime factors of 9311.
9311
What are the prime factors of 75983?
75983
What are the prime factors of 4560?
2, 3, 5, 19
List the prime factors of 21932.
2, 5483
What are the prime factors of 171?
3, 19
What are the prime factors of 72799?
43, 1693
List the prime factors of 19924.
2, 17, 293
List the prime factors of 15824.
2, 23, 43
What are the prime factors of 9169?
53, 173
List the prime factors of 5882.
2, 17, 173
List the prime factors of 173.
173
What are the prime factors of 12414?
2, 3, 2069
What are the prime factors of 1020?
2, 3, 5, 17
What are the prime factors of 3640?
2, 5, 7, 13
What are the prime factors of 37741?
11, 47, 73
What are the prime factors of 1293?
3, 431
What are the prime factors of 2659?
2659
List the prime factors of 2034.
2, 3, 113
What are the prime factors of 58081?
241
What are the prime factors of 13693?
13693
What are the prime factors of 9043?
9043
List the prime factors of 556.
2, 139
What are the prime factors of 16824?
2, 3, 701
List the prime factors of 4997.
19, 263
List the prime factors of 1066.
2, 13, 41
List the prime factors of 4291.
7, 613
List the prime factors of 11937.
3, 23, 173
What are the prime factors of 1055?
5, 211
List the prime factors of 42840.
2, 3, 5, 7, 17
What are the prime factors of 711?
3, 79
List the prime factors of 7603.
7603
What are the prime factors of 1143?
3, 127
What are the prime factors of 587?
587
What are the prime factors of 6471?
3, 719
List the prime factors of 7101.
3, 263
What are the prime factors of 1737?
3, 193
List the prime factors of 19339.
83, 233
What are the prime factors of 12393?
3, 17
List the prime factors of 58467.
3, 19489
List the prime factors of 3.
3
List the prime factors of 120.
2, 3, 5
List the prime factors of 51456.
2, 3, 67
What are the prime factors of 36?
2, 3
List the prime factors of 386.
2, 193
What are the prime factors of 11053?
7, 1579
What are the prime factors of 10183?
17, 599
What are the prime factors of 20525?
5, 821
List the prime factors of 14524.
2, 3631
List the prime factors of 6962.
2, 59
What are the prime factors of 2637?
3, 293
List the prime factors of 12316.
2, 3079
What are the prime factors of 54880?
2, 5, 7
What are the prime factors of 71495?
5, 79, 181
List the prime factors of 1733.
1733
What are the prime factors of 18857?
109, 173
What are the prime factors of 26760?
2, 3, 5, 223
List the prime factors of 2526.
2, 3, 421
What are the prime factors of 1807?
13, 139
List the prime factors of 19215.
3, 5, 7, 61
List the prime factors of 2050.
2, 5, 41
List the prime factors of 28220.
2, 5, 17, 83
What are the prime factors of 459?
3, 17
What are the prime factors of 47359?
13, 3643
What are the prime factors of 1333?
31, 43
List the prime factors of 3972.
2, 3, 331
List the prime factors of 6338.
2, 3169
What are the prime factors of 72542?
2, 19, 23, 83
What are the prime factors of 365?
5, 73
List the prime factors of 27696.
2, 3, 577
List the prime factors of 7493.
59, 127
What are the prime factors of 82360?
2, 5, 29, 71
What are the prime factors of 29462?
2, 14731
List the prime factors of 612.
2, 3, 17
What are the prime factors of 24952?
2, 3119
List the prime factors of 51524.
2, 11, 1171
List the prime factors of 19392.
2, 3, 101
List the prime factors of 1544.
2, 193
List the prime factors of 7445.
5, 1489
What are the prime factors of 1227?
3, 409
What are the prime factors of 36823?
23, 1601
What are the prime factors of 40?
2, 5
What are the prime factors of 751?
751
List the prime factors of 3625.
5, 29
List the prime factors of 35942.
2, 17971
What are the prime factors of 2879?
2879
What are the prime factors of 103120?
2, 5, 1289
List the prime factors of 1039.
1039
What are the prime factors of 16839?
3, 1871
List the prime factors of 2893.
11, 263
What are the prime factors of 16848?
2, 3, 13
List the prime factors of 458.
2, 229
What are the prime factors of 19258?
2, 9629
List the prime factors of 48480.
2, 3, 5, 101
List the prime factors of 8372.
2, 7, 13, 23
What are the prime factors of 1581?
3, 17, 31
List the prime factors of 62727.
3, 7, 29, 103
What are the prime factors of 24894?
2, 3, 461
What are the prime factors of 1013?
1013
What are the prime factors of 864?
2, 3
List the prime factors of 1958.
2, 11, 89
What are the prime factors of 64058?
2, 32029
List the prime factors of 744.
2, 3, 31
What are the prime factors of 42410?
2, 5, 4241
What are the prime factors of 109?
109
What are the prime factors of 1197?
3, 7, 19
List the prime factors of 95.
5, 19
What are the prime factors of 2300?
2, 5, 23
What are the prime factors of 15630?
2, 3, 5, 521
List the prime factors of 1679.
23, 73
List the prime factors of 330.
2, 3, 5, 11
List the prime factors of 848.
2, 53
List the prime factors of 317.
317
List the prime factors of 32907.
3, 7, 1567
What are the prime factors of 1033?
1033
List the prime factors of 33120.
2, 3, 5, 23
List the prime factors of 10592.
2, 331
What are the prime factors of 2967?
3, 23, 43
List the prime factors of 5760.
2, 3, 5
List the prime factors of 1467.
3, 163
What are the prime factors of 926?
2, 463
What are the prime factors of 1103?
1103
What are the prime factors of 7370?
2, 5, 11, 67
What are the prime factors of 7369?
7369
What are the prime fa